Let h be -4*(-4 + (-9)/(-2)). Is ((-616)/24 - -1)/(h/33) a prime number?
False
Suppose -3*d = 2*r + 2*d - 23, -r + 4*d = 8. Suppose 0 = -r*u + 3*p - p + 2998, u - 5*p - 736 = 0. Is u a composite number?
False
Suppose -5*s - 3*l = -26, l - 6 = -3*s + 8. Suppose -2*i + 1016 = b, -s*b + 807 + 3307 = -2*i. Suppose 209 = 5*d - b. Is d prime?
False
Let r = -726667 - -1161050. Is r a prime number?
True
Suppose 510 = -8*w - 594. Is w/322 - (-124424)/14 a composite number?
False
Suppose -4*c = -2*c + 164. Let a = 83 + c. Is a/(5/4714) + 15/75 composite?
True
Is (-771845)/(-25)*(-9)/(36/(-20)) a prime number?
True
Let n(c) = -c**2 - 23*c + 1540. Let m be n(0). Let d = m + -769. Is d composite?
True
Suppose -5*d + 345466 = 4*w + 108139, w = 2*d - 94910. Is d a prime number?
True
Let h(r) = 583859*r**3 + 6*r**2 - 3*r + 5. Is h(1) prime?
False
Suppose 169*q = 177*q - 453976. Is q a composite number?
False
Suppose -20*i - 13704 = -89624. Let p = 5453 - i. Is p prime?
True
Is (-24)/6 + (39 - -295746) prime?
False
Let a(w) = -w**3 + 2*w**2 - 11*w + 11. Suppose 18*j - 23*j + 5 = 0. Let y(c) = c**3 - c**2 + c + 1. Let p(i) = j*a(i) + 2*y(i). Is p(7) a composite number?
False
Let b be 3 - 1*(2 + 0 - 2). Suppose -s - 2*z = -0*s - 12, 19 = -b*s + 5*z. Suppose -s*d = -w + 1053, -924 - 1178 = -2*w + 5*d. Is w a composite number?
False
Let r(m) = -115*m**2 + 7*m - 22. Let q be r(13). Let a be q/(-26) - 9/((-585)/10). Suppose 2*c - a = 2049. Is c composite?
True
Suppose -3*w + 84071 = 5*z, -91427 = -5*w + z + 48682. Let u = w + -9279. Is u composite?
False
Let f = 57 + -53. Let v(b) = 659*b - 199. Is v(f) a composite number?
False
Let f(t) = -t**2 - 2349*t + 129. Is f(-115) a composite number?
True
Suppose 2*v - 5*c - 636226 = 0, -23*v + 636202 = -21*v + c. Is v composite?
False
Let t(u) be the third derivative of -181*u**4/6 - 127*u**3/6 - 78*u**2 - u. Is t(-9) a prime number?
True
Let u = -61909 + 121898. Is u a composite number?
True
Let m(u) = 26519*u - 152. Is m(9) a prime number?
True
Suppose -2*d + 238 = -v + 531, 5*d + 879 = 3*v. Is v composite?
False
Suppose 0 = -3*g + 2*p + 84375, -4*g + 5*p - 7*p = -112486. Is g composite?
False
Let k be 104/40 + ((-24)/20)/(-3). Suppose 0 = -19*r + 14*r + k*y + 23099, -18482 = -4*r + y. Is r composite?
False
Let n be (-20112)/18*(-2)/((-16)/(-18)). Suppose 2*f - 7564 = n. Is f composite?
False
Suppose 30*x - 98097 + 2303279 = 44*x. Is x composite?
False
Let p = 3275 + -1436. Is p a prime number?
False
Let c = 629494 + -353531. Is c prime?
True
Let z(k) be the first derivative of -86*k**2 - 5*k + 2308. Let m be 11/(-4) - 2/8. Is z(m) composite?
True
Let l = 39450 - 121. Is l a composite number?
True
Let g(f) = 4*f**3 - 27*f**2 + 105*f - 383. Is g(28) a prime number?
True
Suppose 51*s - 1388559 + 290524 = 4002934. Is s composite?
False
Suppose -23 = -t - l, -2 + 45 = t - 3*l. Let c be -1 + t + 0 + -2. Let b(w) = 2*w**2 - 37*w + 46. Is b(c) a composite number?
True
Let y(g) = 801*g**2 - 9*g - 24. Let q be y(-5). Suppose 2*v - 1958 = 2*h + q, -h = -3*v + 33008. Is v prime?
True
Suppose 3*a - 2 = a - 3*q, -q - 25 = -3*a. Suppose -s = a*s - 120896. Suppose 4*z - s = -4*z. Is z prime?
True
Suppose 141*u - 142*u + 1590248 = 3*x, 3*x - 4*u - 1590253 = 0. Is x prime?
False
Suppose 4*u - 15899212 = -34*h + 39*h, h - 19874015 = -5*u. Is u prime?
False
Let r(v) = v**2 - 14*v - 100. Let o be r(19). Let n = -303 - -3566. Is (o - -1 - -2)/((-26)/n) composite?
False
Let i = 14972 + -21414. Let t = -1842 - i. Suppose -5*z = -3*h + t, -3*h - z + 2908 = -1698. Is h composite?
True
Let k(h) = -h**2. Let j(b) = 10*b**2 + 55*b - 20. Let c(d) = j(d) + 6*k(d). Is c(11) prime?
True
Suppose -60 = 35*v - 37*v. Suppose b + 125 = 2*n, v = n - b - 30. Is n prime?
False
Let f be (-1 + 0)/((-3)/1641). Suppose -577 = -4*h + f. Let v = h - 18. Is v a composite number?
False
Suppose 8 = -3*n - 127. Let c be ((-1600)/12)/((6/n)/(-1)). Let m = c - -1877. Is m composite?
False
Let y(i) = 0*i + 7*i - 5*i - 14*i - i + 51 - 13*i**3 + 12*i**2. Is y(-11) a composite number?
True
Suppose -2*m - 13 = -21. Suppose -6*b + b = 5*r - 5435, m*b + 5*r = 4343. Is (b/(-65) - (-2)/(-10))*-7 a composite number?
True
Let b be (-5)/35 + 1234/14. Let l = 156 + b. Suppose 0 = t - 3*a + 13 - 93, -3*t + 5*a = -l. Is t prime?
True
Suppose -s - 2 = -x + 11, 5*x + s = 53. Let o = x + 11. Let a = 123 + o. Is a prime?
False
Suppose 47359 = -57*o + 70*o. Is o a prime number?
True
Suppose 0 = -3*v + 2*h - 43360, h + 25 = 6*h. Let l = v - -26185. Is l a prime number?
False
Let h(l) = -l**3 - 11*l**2 + 6. Suppose -5*w + 0*r = -3*r + 52, r = 3*w + 32. Let a be h(w). Suppose 3031 + 2291 = a*s. Is s prime?
True
Let s = 167123 + -7914. Is s a composite number?
False
Let d be 4/6 + (-347560)/60. Let u = -1465 - d. Is u a composite number?
False
Suppose -140 = -2*z + 622. Let p = z - -30. Suppose 1338 + p = 3*q. Is q a composite number?
True
Is -1 - 2 - (-1)/((-8)/(-359392)) composite?
True
Let d be (9 - (-2216)/(-24))/((-1)/3). Suppose 435 + 1589 = 2*a. Suppose -4*v + b = -a, 4*b + d = v + 3*b. Is v a prime number?
False
Let l(q) = q**2 - 11*q - 65. Let x be l(15). Let c(p) = 925*p**2 - 7*p - 61. Is c(x) composite?
False
Let l = -172953 - -562838. Is l a composite number?
True
Let m be (-72)/(-30) + ((-4)/10)/1. Suppose 2 = h - 3, m*h = 5*s - 278805. Is s prime?
True
Let h(i) = -2236*i - 235. Is h(-87) prime?
False
Let a = 27444 - 11877. Is a a prime number?
False
Suppose 0 = 5*g + 3*x + 110, -g - x - 3 - 21 = 0. Let n(p) = -p**3 - 18*p**2 + 22*p + 15. Let r be n(g). Is (12 + -1)/((-21)/r) prime?
False
Is 127359 + (13 + 7 - 16) composite?
False
Suppose 3*y + 0*u - 327 = -2*u, -4*u = -2*y + 234. Let i = 192 + y. Is i composite?
True
Let l(s) = -3*s**3 - 6*s**2 - 5*s - 5. Let p be l(-2). Suppose 0 = -4*o + p*o - 7. Is -2 + o - (2 + -758) composite?
False
Let c = -58773 + 97940. Is c a composite number?
True
Suppose 8*o - 7*o = 7. Let c = o + -3. Let k(h) = 72*h + 19. Is k(c) a prime number?
True
Let y(u) = -3*u + 45. Let z be y(14). Suppose 7*f = z*d + 2*f - 3625, 1207 = d - f. Is d a prime number?
False
Suppose -8*a + 2*a + 184130 = k, -5*a - 3*k + 153433 = 0. Is a a prime number?
True
Suppose -2*b + 117 = 3*x - 0*b, -5*x + 195 = 5*b. Let s = 42 - x. Is (s - (-28521)/21) + 6/(-42) a composite number?
False
Let x(w) = -1679*w + 26. Let p be x(-4). Let i = p + -2097. Is i a composite number?
True
Suppose -3*s - 12 = -t, 3*t + 2*s - 6*s = 31. Is ((9/3)/t)/(17/509439) a prime number?
False
Let t = -159747 + 260828. Is t prime?
True
Let v(o) be the second derivative of -o**5/10 + 5*o**4/6 + 2*o**3/3 - 5*o**2 + 6*o + 6. Is v(-7) composite?
True
Let s(d) = 1314*d**2 - 7*d + 19. Let f(h) = -6*h - 220. Let c be f(-37). Is s(c) a prime number?
True
Let s = 125 + -77. Let i = -138 + s. Is (i/50)/(6/(-110)) composite?
True
Is ((-1)/(-5))/((-114)/(-22468830)) composite?
False
Suppose 62584576 = 446*j - 146135927 - 466219771. Is j a composite number?
False
Suppose -2*i - 7 = -2*y + 11, -2*y = 3*i + 7. Suppose -41948 = -y*n + 7488. Is n a composite number?
True
Is (4 + (-57)/9)/(5/(-485535)) prime?
False
Is ((-5)/((-80)/(-388)))/(4 + (-772744)/193184) composite?
True
Let n(l) = -l**3 + 5*l**2 - 4*l - 2. Let t be n(4). Let v be t + -1637*(-4 + 0)/4. Suppose -3*y + v = -234. Is y a composite number?
True
Suppose -3*u + f = -310077, -3*f - f = 4*u - 413468. Is u a composite number?
True
Let r(m) = -12*m**2 + 27*m - 85. Let z(h) = -24*h**2 + 55*h - 169. Let l(q) = -13*r(q) + 6*z(q). Is l(22) a prime number?
True
Suppose -3*v = 4*p - 98359, 4*v - 10*p = -6*p + 131136. Suppose 6*l = v + 125141. Is l composite?
False
Suppose 5*w - 2804243 = -4*b, 3*w = -10*b + 9*b + 701066. Is b a prime number?
False
Let b = 24028 + -6851. Is b composite?
True
Let d(q) be the first derivative of -5091*q**2/2 - 2*q + 80. Is d(-1) prime?
False
Let y be (-16)/10*(-10)/4. Suppose -y = -4*c, 2*c + 2103 = 5*h - 0*c. Let w = -50 + h. Is w a composite number?
True
Suppose -51 = -5*o + 19. Let j = o + 13. Let p = 1766 + j. Is p composite?
True
Let f be -1*(12/3 + -26). Suppose 0 = 15*b - f*b + 259553. Is b composite?
True
Let f(w) = -60885*w + 2378. Is f(-7) a prime number?
False
Let h(i) = 15195*i + 172. Is h(19) composite?
False
Let l = 1